ed by (10/5)/(0 - (-2)/10).
8
Let v = -1348 - -1633. Calculate the remainder when v is divided by 69.
9
Let u = 56 + -33. Suppose 5*y + 3*l - 32 = -4, -u = -4*y - 3*l. Let p = 1 + 1. Calculate the remainder when y is divided by p.
1
Suppose -2*i = 6, 4*i = -5*h + i + 91. Suppose 3*n + 8 - h = 0. Calculate the remainder when 9 is divided by n.
1
Suppose 43 + 20 = 3*h. Let s = 41 - h. Let d = s - 11. Calculate the remainder when 34 is divided by d.
7
Suppose 238 = 5*h + 88. Suppose 0 = -2*n - 5*r + 35, -n + 56 = 3*n - 4*r. Calculate the remainder when h is divided by n.
0
Let q = 54 + 2. What is the remainder when 165 is divided by q?
53
Suppose -2*w + 2*s - 5 = s, 2*w + s + 7 = 0. Let t = 11 - w. What is the remainder when 81 is divided by t?
11
Let v be (-219)/(-4) + (-4)/(-16). Let y = v + -148. Let f = 175 + y. What is the remainder when f is divided by 21?
19
Let b = 1293 + -1268. Calculate the remainder when 50 is divided by b.
0
Let o be -2 - 52/16*(6 - 2). Calculate the remainder when 68 is divided by ((-12)/o)/((-4)/(-70)).
12
Let i(u) = u**2 + 5*u. Let t be i(-6). Suppose t*r = 77 + 403. Let n = 135 - r. Calculate the remainder when n is divided by 28.
27
Suppose r + 0*r = 18. Calculate the remainder when 28 is divided by (r/(-5))/((-66)/15 - -4).
1
Let y = 1342 + -1151. What is the remainder when y is divided by 54?
29
Let a(s) = 12*s + 20. Let l be a(7). Suppose 0 = -2*q + 6*q - l. Let p = q - 8. What is the remainder when 31 is divided by p?
13
Let q(r) = -3*r**2 + 56*r + 15. Calculate the remainder when (-1 - 14*2)*-2 is divided by q(0).
13
Suppose 694*y = 689*y + 1985. Calculate the remainder when y is divided by 99.
1
Let v(u) = u**2 - 5*u + 8. Let y be v(4). Suppose 4*i - 5*z = 248, 5*i - 62 = y*i - 4*z. What is the remainder when i is divided by 32?
30
Suppose -s + 2 = 21. Let o(i) = 7*i - 2. Let x be o(-2). Let u = x - s. Calculate the remainder when u is divided by 2.
1
Suppose -9 = -v - 4. Suppose 0 = -v*f - 4*n + 44, 7*f - 5*f - 12 = -3*n. Calculate the remainder when f is divided by 2.
0
Let r = 8 - 32. Let h be r/96 + (-21)/(-4). What is the remainder when 11/(h + (-12)/3) is divided by 3?
2
Suppose 0 = -5*l + 107 - 37. Suppose -25 = -19*n + l*n. What is the remainder when n is divided by 3?
2
Let g(x) = 6*x**2 - 3*x + 2. Calculate the remainder when g(3) is divided by 31.
16
Suppose -5*u - 62 = -4*w, 0 = 3*w + 4*u + 53 - 84. Suppose -h + 4*p + 125 = 0, 58 - 317 = -2*h - p. Calculate the remainder when h is divided by w.
12
Calculate the remainder when -3*6/18 - (0 - 35) is divided by 11.
1
Suppose -19*g = -42*g + 897. What is the remainder when 465 is divided by g?
36
Let g(n) = 2*n**2 - n + 3. Suppose 5*x = -2*u - 23, 3*x + 2*u + 11 = -6. Calculate the remainder when 43 is divided by g(x).
19
Calculate the remainder when 104 is divided by (-6)/(((-60)/500)/(1/5)).
4
Suppose -154 = 18*r - 1702. Calculate the remainder when 176 is divided by r.
4
Let i be (-1 - -2)/((-4)/(-12)). Let p be i/2*(3 - -3). Suppose -p*k = -4*k - 135. Calculate the remainder when 105 is divided by k.
24
Let a = 103 + -108. Calculate the remainder when (8/(-6))/(1/(-36)) is divided by (a + 3)*(155/(-10) + 3).
23
Let g = -23 - -15. Let t = 45 - g. Calculate the remainder when t is divided by ((-63)/(-3))/(3/2).
11
Suppose 4*m - 10 = -2*f, -5 = -6*f + 3*f + 4*m. Let l(p) = -p + 1. Let q be l(3). What is the remainder when 121/22 - q/4 is divided by f?
0
Suppose -9*b + 305 + 3844 = 0. Calculate the remainder when b is divided by 15.
11
Calculate the remainder when 11 + 18/(-9) + 36 is divided by 29.
16
Suppose 4*z = -z - 2*t - 5, 5*z - 5*t + 40 = 0. Let v be -2*(2 + z + -15). Let y = 48 - v. What is the remainder when 47 is divided by y?
15
Let u(q) = -3*q - 3. Let c(v) = 2*v + 2. Let s(d) = 5*c(d) + 3*u(d). Let z be s(-7). Calculate the remainder when 14 is divided by 6/(-9) - 34/z.
4
Suppose -u = k - 138, -19*k + 561 = 4*u - 24*k. Suppose 4*g = 2*g + 94. What is the remainder when u is divided by g?
45
Suppose -8*a + 434 = 6*a. Let s(t) = t**3 - 11*t**2 + 10*t + 12. Let n(c) = -c**2 + 8*c + 4. Let b be n(7). Calculate the remainder when s(b) is divided by a.
29
Let i(r) = r**3 + 8*r**2 + 2*r - 12. Calculate the remainder when 317 is divided by i(-5).
52
Let j(t) = -2*t - 7. Let w(s) = -s**3 - 4*s**2 + 49*s - 6. What is the remainder when w(5) is divided by j(-5)?
2
Suppose 0 = 6*s + 22*s - 560. Calculate the remainder when 157 is divided by s.
17
Calculate the remainder when (0 - -2)*-1 + 83 is divided by 41*5/5*(2 - 1).
40
Suppose 4*x = -4*z, -2*z + 5 = -3*z + 4*x. Let p(l) = -6*l**3 + 3*l**2 + 4*l + 2. What is the remainder when 41 is divided by p(z)?
6
Suppose t + 20 = -4*t, 3*t = n - 41. What is the remainder when n is divided by 3?
2
Let o be 1 + -3 + 1 + -42. Let q = 25 + o. Calculate the remainder when (29/2)/((-9)/q) is divided by 15.
14
Suppose z = 4*q - 4, q - 3 = -2*q. Suppose 0 = -3*w - z + 114. Calculate the remainder when w is divided by 10.
8
Let n = -137 + 280. Suppose -6*z + 3*m + n = -2*z, -4*z + 164 = 4*m. Let f(j) = -191*j + 2302. What is the remainder when z is divided by f(12)?
8
What is the remainder when (-2)/6 - (-80)/6 is divided by 3?
1
Let j be 2/4*42/21. Let x = j + 26. Let t = 38 - x. What is the remainder when 18 is divided by t?
7
Let p(l) = -32*l**2 + 3*l + 2. Let f be p(-1). Let m = f - -49. What is the remainder when -7 - -4 - (0 - 33) is divided by m?
14
Let b(x) be the second derivative of -x**3/6 + 13*x**2 + 19*x. Calculate the remainder when b(-12) is divided by 20.
18
Suppose -2*g + 1 = -3*g - 2*d, -5*g - 2*d + 11 = 0. Let v be 2*25/2 - -1. Suppose -v = 2*m - g*m. What is the remainder when 77 is divided by m?
25
Let x(a) = 2*a**2 - 2*a - 2. Let z(k) = -k - 8. Let b be z(-6). Calculate the remainder when 87*((-2)/(-4) - b/(-12)) is divided by x(3).
9
Suppose 2*x = -5*x - 231. Let k = 47 + x. What is the remainder when 24 is divided by k?
10
Suppose -4 = -3*q + 5. Suppose 11*t - 17*t + 102 = 0. Calculate the remainder when t is divided by q.
2
Let a(u) = 31 - 2*u + 5*u - 2*u + u**2 + u. What is the remainder when 88 is divided by a(0)?
26
Let z = -273 + 324. Calculate the remainder when 197 is divided by z.
44
Suppose -17*t + 75 = -2*t. Calculate the remainder when 7 is divided by t.
2
Suppose 0 = -21*t + 16*t + 730. What is the remainder when t is divided by 15?
11
Suppose 3*m = 1 + 26. Let f = 20 - m. Suppose -43 - 6 = -7*w. What is the remainder when f is divided by w?
4
Suppose n - 10 = -5*k, -3*n - 3*k = -0*k - 78. Let j = -16 + n. Let x = j - -44. What is the remainder when x is divided by 15?
13
Calculate the remainder when 119 is divided by (150/90)/(3/72).
39
Suppose 6*h + 490 = 11*h. Let c(u) = u**3 - u**2 - 4*u - 2. Let n be c(4). Suppose -4*b + h = n. What is the remainder when b is divided by 5?
2
Let q(i) = 36*i**3 - 2*i**2 + i. Let c(j) = -j + 3. Let y be c(12). Let p(o) = -o**3 - 8*o**2 + 9*o + 12. Calculate the remainder when q(1) is divided by p(y).
11
Let s(c) = -c**2 + 8*c + 4. Let a be s(-5). Let z = -45 - a. Calculate the remainder when z is divided by 9.
7
What is the remainder when 376 is divided by -2*(568/(-16) + 4)?
61
Let c be (35/4)/((-3)/12). Let v = -24 - c. Calculate the remainder when v is divided by 4.
3
Let r be 267/4 - (-48)/(-64). Suppose -15*d = -369 - r. Calculate the remainder when 110 is divided by d.
23
Let r = 159 - 154. What is the remainder when r is divided by 4?
1
Let w(d) be the first derivative of d**4/4 + d**3/3 - 3*d**2/2 - 9. Calculate the remainder when w(2) is divided by 2.
0
Let b = 24 + -19. Suppose -b*j + 6 + 64 = 0. Suppose 4*l = 22 + j. What is the remainder when 26 is divided by l?
8
Let q be 1/(-4) - 659/4. Let d = -65 + 176. What is the remainder when d is divided by q/(-6) - (-1)/2?
27
Let m = 11 - -11. Let z(q) = 25*q**2 - 3*q - 2. Let a be z(2). Suppose a = 3*r - 103. Calculate the remainder when r is divided by m.
21
Let j = 571 + -430. What is the remainder when j is divided by -5*(29/(-5) + 1)?
21
Let a = 931 + -3591. Calculate the remainder when 212 is divided by (-4)/42*3 + a/(-49).
50
Let g(k) = k**3 + 3*k**2 - 6*k - 2. Let m be ((-1)/2)/(6/(-36)). Suppose 30 = 6*x - m*x. What is the remainder when x is divided by g(-4)?
4
Suppose -9*